-5)?
7
Let i(t) = -44*t + 17. Let b(v) = -v - 1. Let y(d) = 5*b(d) - i(d). What is the remainder when y(6) is divided by 43?
40
Calculate the remainder when 54 is divided by (3/12 - (-2)/24)*24.
6
Suppose 0 = -5*l - 5*k + 345, 10 = -3*k - 2*k. Calculate the remainder when 635 is divided by l.
67
Suppose -90 = -5*a + w, 6*a + 4*w = a + 65. Let x(z) = z**3 + 8*z**2 - 11*z - 13. Let m = -10 - -1. Calculate the remainder when a is divided by x(m).
2
Suppose -3*n + 13 = r, 0*n = 5*n - 3*r - 17. Suppose -n*k + 24 = -28. Let l = -12 + 49. Calculate the remainder when l is divided by k.
11
Calculate the remainder when 2/12 + (-28441)/(-102) + 1 is divided by 41.
34
Let c = 678 - 658. What is the remainder when 479 is divided by c?
19
Suppose 2*n - 10 = 0, -2*n = a - 4*n - 226. What is the remainder when a is divided by 50?
36
Let g be 1/(((-2)/(-10))/(-1)). Let y = g - -10. Let k = 356 + -354. Calculate the remainder when y is divided by k.
1
Let n(z) = -2*z**2 - 41*z + 24. What is the remainder when 68 is divided by n(-20)?
24
Let l(s) = s**2 - 5*s + 1. Let j be (-2 + 1)/((-1)/4). Suppose 0 = 4*m - 0 - j. What is the remainder when l(5) is divided by m?
0
What is the remainder when 86/(21/6 + -3) is divided by 35?
32
Suppose 238 = 2*c + m, 0 = -5*c + 8*c - 5*m - 331. Calculate the remainder when c is divided by 24.
21
Suppose -4*z + 646 = 15*z. What is the remainder when z is divided by 7?
6
Suppose 4*r + 24*m - 26*m - 60 = 0, 0 = 4*r + 4*m - 72. Calculate the remainder when 43 is divided by r.
11
What is the remainder when 89/2*20/10 is divided by 25?
14
Let d = 45 - 69. Let m = 92 + d. Calculate the remainder when m is divided by 7.
5
Calculate the remainder when ((-26)/52)/(2/(-264)) is divided by 8.
2
Let v = -1789 + 1847. What is the remainder when 142 is divided by v?
26
Let t(z) = 12*z**2 - z - 3. Let o(f) = -f + 8. Let v be o(6). Suppose 0 = -4*y + 41 + 3. Calculate the remainder when t(v) is divided by y.
10
Let l(k) be the third derivative of 41*k**4/24 - 3*k**3/2 - 2*k**2. Calculate the remainder when l(2) is divided by 15.
13
Suppose -6*n + 25 + 17 = 0. Suppose 5*i - 2*s + 17 = n, 0 = 2*i - s + 4. What is the remainder when (-318)/(-12)*(-4)/i is divided by 14?
11
Let k be 5 - 3 - (-3 - (-2 + 2)). Calculate the remainder when 66 is divided by 2/(-1)*(k - 165/10).
20
Let j be 1 + 8*20 + -2 + 1. Suppose 10*n - j = 6*n. What is the remainder when n is divided by 14?
12
Suppose 5*f - 3 = -2*g, -4*g + 2 = 4*f - 2*g. Calculate the remainder when 74 is divided by -1 + f*5 - (-2 + -19).
24
Suppose -23 = -5*p + 12. Suppose -4*o - 16 = 0, 2*o + 0 = -4*f + 16. Suppose 2*x - h = 7, h - p = -2*x + f. What is the remainder when 7 is divided by x?
2
Let z(u) = u**3 + 18*u**2 - 6*u - 12. Let m(w) = -w**3 - 18*w**2 + 5*w + 11. Let i(h) = -5*m(h) - 4*z(h). What is the remainder when i(-18) is divided by 5?
1
Suppose 3*u = -5*b + 48 + 125, -2*b + 63 = -5*u. Suppose -2*v - b = -84. Calculate the remainder when 48 is divided by v.
23
Let u = 96 - 86. What is the remainder when 44 is divided by u?
4
Calculate the remainder when ((-2)/(-4) - (-6024)/48) + 2 is divided by 35.
23
Suppose -7 + 7 = d. Suppose -2*u + 114 - 28 = d. What is the remainder when u is divided by 22?
21
Suppose -5*h + 38 = n - h, 3*n + 5*h - 121 = 0. Suppose 0 = -2*t + 319 + 15. What is the remainder when t is divided by n?
41
Calculate the remainder when 32/24 - (-578)/3 is divided by 33.
29
Let f be 3*11/(-3) - -1. What is the remainder when 32 is divided by ((-1)/f*5)/((-1)/(-22))?
10
Suppose 5*s = -4*n + 125, -2*n - 8*s + 60 = -6*s. What is the remainder when 94 is divided by n?
19
Let n(j) = -j**3 + 6*j**2 + 56*j + 4. Let f = 13 + -8. Suppose 32 = -i + f*i. Calculate the remainder when n(11) is divided by i.
7
Let o(d) = 4*d + 93. What is the remainder when 167 is divided by o(-16)?
22
Let h = -1130 - -1144. Calculate the remainder when 164 is divided by h.
10
Let x = -6 + 5. Suppose -3*a - 4 = -49. Calculate the remainder when a is divided by 24/4 + x - 1.
3
Let q(x) = 11*x + 17. Let w = 1 - -2. Calculate the remainder when q(-1) is divided by w.
0
Suppose 5*j - 38 = -8. Suppose -2*y + j*y = 16. Suppose -y*a + 27 = 11. What is the remainder when 10 is divided by a?
2
Let z = -13 - -31. Suppose 0 = 3*p - 4*l - z - 11, -3*l - 21 = -2*p. Let m(t) = -t**3 + 8*t**2 - 9*t - 12. Calculate the remainder when m(6) is divided by p.
0
Let w = -325 - -542. Calculate the remainder when w is divided by 69.
10
Let z(l) = l**3 + 14*l**2 + 7*l - 32. Let y be (2/((-24)/(-39)))/(6/(-24)). What is the remainder when z(y) is divided by 27?
19
Suppose 10*d - 24 = 4*d. Suppose -120 = -9*b + d*b. Let x = -341 - -483. Calculate the remainder when x is divided by b.
22
Suppose -x + 5 - 16 = 3*b, -b = -2*x + 13. Suppose -5*a + 5*m + 91 = -84, -5*m = x*a - 176. Calculate the remainder when a is divided by 23.
16
Let v be 3*-33*2/9. Calculate the remainder when 24 is divided by v + 20 - (-16)/1.
10
Let h = -16 - -30. What is the remainder when 5 + (-8 - (8 + -52)) is divided by h?
13
Let h = 100 - 177. Let m = 112 + h. Calculate the remainder when 103 is divided by m.
33
Let h(m) = 24 - 4*m + 2*m - m**2 - 2 + 3*m. Let j(l) = -l**3 - 4*l**2 + 5*l - 1. What is the remainder when j(-6) is divided by h(0)?
19
Suppose -22*a = -21*a - 65. Let m(o) = 17*o**2. What is the remainder when a is divided by m(1)?
14
Let j = -210 + 111. Let r = -66 - j. Calculate the remainder when r is divided by 19.
14
Let v(s) = 14*s - 2. What is the remainder when (88/8 - 3) + 94 + 6*-1 is divided by v(2)?
18
Let a(z) = -z**3 + 3*z**2 + 3*z - 4. Suppose -3*f + 43 = -5*v, 0 = 38*f - 35*f - 4*v - 47. Calculate the remainder when f is divided by a(3).
1
Let v(t) = -76*t - 123. Calculate the remainder when v(-2) is divided by 18.
11
Suppose q = 6*q - 145. Suppose 4*h + 2*w - 80 = 0, 51 = 4*h - 5*w - q. What is the remainder when 79 is divided by h?
19
Suppose 0 = -3*n + 34 + 11. Let b(r) = r**3 + 10*r**2 + 8*r. Let f be b(-9). What is the remainder when n is divided by (-4)/((30/f)/(-5))?
3
Let x(w) = 54*w - 1. Let j = -91 - -86. What is the remainder when x(1) is divided by j - (-14 - -1) - -3?
9
Let u be 2*(6/12 + 4). Suppose -15*q + 42 = -u*q. Calculate the remainder when 32 is divided by q.
4
Suppose -434 - 151 = -5*x. Calculate the remainder when 1753 is divided by x.
115
Suppose -3*r - r - q + 28 = 0, q + 35 = 5*r. Let a = 2742 - 2719. Calculate the remainder when a is divided by r.
2
Let j(l) = 16*l - 35. Calculate the remainder when j(5) is divided by 4.
1
Suppose u - 16 = -5*b + 3*u, 4*b - 3*u = 10. Suppose 2*v + 2*v - 104 = -b*x, -3*x = -4*v + 97. What is the remainder when v is divided by -3*-14*(-1)/(-3)?
11
Suppose 7468 = -22*r + 25816. Calculate the remainder when r is divided by 20.
14
Let l(k) = 5*k**2 - 3*k. Let h be (7/(-14))/(2/(-4)). Calculate the remainder when l(-3) is divided by (-22)/(h - 2) - 3.
16
Let h(k) = k**3 - k**2 - k + 2. Let u be h(0). Suppose 0*x = -u*x + 58. Calculate the remainder when x is divided by 15.
14
Suppose -12*q + 13*q - 3 = 0. Let k(z) be the first derivative of 3*z**4/4 - 2*z**3/3 - z**2/2 - z - 1. What is the remainder when k(q) is divided by 15?
14
Let b = -13 - -16. Suppose -4*u - 4 = 0, 2*y - 15 = -b*u - 0. What is the remainder when 22 is divided by y?
4
What is the remainder when 39 is divided by 11 + -10 + -2 + 10*1?
3
Let d(k) = -2*k**2 - 22*k + 1. Let r be d(-9). Let g = r - 24. Calculate the remainder when g is divided by 4.
1
Suppose 4*u = -3*l - 133, -4*l + 8*l + 74 = -2*u. Let q = u + 62. Calculate the remainder when q is divided by 7.
3
Suppose 3*n + 1 = 7. Suppose 6*w - n*w = 0. What is the remainder when 7 is divided by (w - 3)/(8/(-8))?
1
Let i(t) = 18*t**2 + 2*t - 2. What is the remainder when i(-2) is divided by (414/(-180))/(5/(-50))?
20
Let f(x) = 3*x + 2. Let u = 24 + 36. Calculate the remainder when u is divided by f(5).
9
Let z(x) = 3*x**2 + 5*x - 7. What is the remainder when 0 + (0 - 4) + 45 is divided by z(2)?
11
Suppose -7 = -n + 2*v + 13, 4*n = -v + 80. Suppose -79*q = -77*q - 6. What is the remainder when n is divided by q?
2
Suppose -13*d = -7*d - 48. Suppose 5*b + 2 = -d, -5*a + b = -452. What is the remainder when a is divided by 47/2 + (-1)/2?
21
Suppose 3